{"id":46,"date":"2019-08-14T16:29:45","date_gmt":"2019-08-14T16:29:45","guid":{"rendered":"http:\/\/i9piscinas.com.br\/loja\/?post_type=product&#038;p=46"},"modified":"2023-05-23T14:41:09","modified_gmt":"2023-05-23T14:41:09","slug":"bote-flamingo","status":"publish","type":"product","link":"https:\/\/i9piscinas.com.br\/loja\/produto\/bote-flamingo\/","title":{"rendered":"BOTE FLAMINGO"},"content":{"rendered":"<p style=\"font-weight: 400;\">As suas medidas s\u00e3o de 1.42 m x 1.37 m x 97 cm.<\/p>\n<p style=\"font-weight: 400;\">Pode\u00a0ser utilizado por uma pessoa\u00a0e\u00a0suporta um peso m\u00e1ximo de 40 kg.<\/p>\n<p style=\"font-weight: 400;\">Cuidamos ao m\u00e1ximo cada detalhe, por isso o flamingo infl\u00e1vel tem duas c\u00e2maras de ar. Desta forma, contribui para aumentar a seguran\u00e7a dos usu\u00e1rios e tamb\u00e9m melhorar a sua estabilidade.<\/p>\n<p style=\"font-weight: 400;\">Inclui duas asas de sustenta\u00e7\u00e3o que facilitam o acesso ao flamingo e permanecer nele.<br \/>\nO material utilizado para fabrica\u00e7\u00e3o foi\u00a0o\u00a0vinil de cor rosa que \u00e9 extremamente resistente\u00a0com uma espessura de 0,35 mm, mas caso venha surgir algum imprevisto ele acompanha um\u00a0remendo. Assim voc\u00ea mesmo pode reparar pequenos furos sem ter que esperar.<\/p>\n","protected":false},"excerpt":{"rendered":"<p>Este bote em forma de flamingo deixar\u00e1 as suas brincadeiras na \u00e1gua ainda mais divertidas e animadas!<br \/>\n[calculadora_melhor_envio product_id=\"product_id\"]<\/p>\n","protected":false},"featured_media":49,"comment_status":"open","ping_status":"closed","template":"","meta":[],"product_cat":[29],"product_tag":[30,31],"_links":{"self":[{"href":"https:\/\/i9piscinas.com.br\/loja\/wp-json\/wp\/v2\/product\/46"}],"collection":[{"href":"https:\/\/i9piscinas.com.br\/loja\/wp-json\/wp\/v2\/product"}],"about":[{"href":"https:\/\/i9piscinas.com.br\/loja\/wp-json\/wp\/v2\/types\/product"}],"replies":[{"embeddable":true,"href":"https:\/\/i9piscinas.com.br\/loja\/wp-json\/wp\/v2\/comments?post=46"}],"wp:featuredmedia":[{"embeddable":true,"href":"https:\/\/i9piscinas.com.br\/loja\/wp-json\/wp\/v2\/media\/49"}],"wp:attachment":[{"href":"https:\/\/i9piscinas.com.br\/loja\/wp-json\/wp\/v2\/media?parent=46"}],"wp:term":[{"taxonomy":"product_cat","embeddable":true,"href":"https:\/\/i9piscinas.com.br\/loja\/wp-json\/wp\/v2\/product_cat?post=46"},{"taxonomy":"product_tag","embeddable":true,"href":"https:\/\/i9piscinas.com.br\/loja\/wp-json\/wp\/v2\/product_tag?post=46"}],"curies":[{"name":"wp","href":"https:\/\/api.w.org\/{rel}","templated":true}]}}