{"id":13,"date":"2019-08-14T15:17:52","date_gmt":"2019-08-14T15:17:52","guid":{"rendered":"http:\/\/i9piscinas.com.br\/loja\/?post_type=product&#038;p=13"},"modified":"2023-05-23T14:41:09","modified_gmt":"2023-05-23T14:41:09","slug":"central-de-comando-rgbm","status":"publish","type":"product","link":"https:\/\/i9piscinas.com.br\/loja\/produto\/central-de-comando-rgbm\/","title":{"rendered":"Central de Comando RGBM"},"content":{"rendered":"<p>Central de comando RGBM: Novas centrais de controle de ilumina\u00e7\u00e3o RGB e Monocrom\u00e1tica para piscinas e fitas de Led.<\/p>\n<ul>\n<li>Cabo de for\u00e7a para alimenta\u00e7\u00e3o na rede el\u00e9trica padr\u00e3o ABNT<\/li>\n<li>Fonte de alimenta\u00e7\u00e3o interna que dispensa o uso de transformadores e fontes<\/li>\n<li>N\u00e3o \u00e9 necess\u00e1rio abrir a central para parear um novo controle remoto<\/li>\n<li>Pode ser usada em ilumina\u00e7\u00e3o monocrom\u00e1tica ou RGB, no mesmo aparelho<\/li>\n<li>Fixa\u00e7\u00e3o por parafusos externos na aba inferior facilitando a instala\u00e7\u00e3o<\/li>\n<li>Sa\u00edda para conex\u00e3o com os refletores por interm\u00e9dio de fios, facilitando a instala\u00e7\u00e3o e evitando oxida\u00e7\u00f5es<\/li>\n<li>Prote\u00e7\u00e3o por fus\u00edvel externo de f\u00e1cil troca<\/li>\n<li>Controle remoto de duas teclas, sele\u00e7\u00e3o e liga\/desliga, e bot\u00f5es no aparelho frontal<\/li>\n<li>Ventilador cooler funciona somente quando a central estiver ligada evitando desgaste desnecess\u00e1rio do mesmo<\/li>\n<li>\u00danica central que indica no painel frontal quais as sa\u00eddas est\u00e3o funcionando, atrav\u00e9s de tr\u00eas leds o vermelho, verde e azul<\/li>\n<li>Pequena e compacta a melhor do mercado nacional<\/li>\n<li>Micro controlador de \u00faltima gera\u00e7\u00e3o, programa arrojado e consolidado<\/li>\n<li>Possuem 16 programas diferentes de ilumina\u00e7\u00e3o, podendo ser selecionadas pelo bot\u00e3o no painel frontal da central, ou pelo bot\u00e3o PROGRAMA no controle remoto que acompanha o aparelho<\/li>\n<li>Capacidade m\u00e1xima de corrente 6A 72W a 24A 288W<\/li>\n<li>Vers\u00f5es com at\u00e9 duas sa\u00eddas rele<\/li>\n<li>Alimenta\u00e7\u00e3o autom\u00e1tica 90 a 240Vca<\/li>\n<li>Controle TOUCH, dist\u00e2ncia m\u00e1xima controle 20m sem obst\u00e1culos<\/li>\n<li>Controle remoto 2 teclas, dist\u00e2ncia m\u00e1xima controle 50m sem obst\u00e1culos<\/li>\n<li>Montagem f\u00e1cil e pr\u00e1tica<\/li>\n<li><\/li>\n<\/ul>\n<h4><strong>Vers\u00f5es dispon\u00edveis<\/strong><\/h4>\n<ul>\n<li>6A, 12A e 24A<\/li>\n<li>Op\u00e7\u00f5es com at\u00e9 duas sa\u00eddas rele<\/li>\n<li>Standard ou TOUCH<\/li>\n<li>Desenvolvemos vers\u00f5es especiais conforme sua necessidade<\/li>\n<\/ul>\n","protected":false},"excerpt":{"rendered":"<p>Centrais RGB e Monocrom\u00e1tica Vers\u00f5es Standard e Touch fun\u00e7\u00e3o Easy Control<\/p>\n<h4><span style=\"color: #ff0000;\">Lan\u00e7amento exclusivo<\/span><\/h4>\n","protected":false},"featured_media":14,"comment_status":"open","ping_status":"closed","template":"","meta":[],"product_cat":[20],"product_tag":[17],"_links":{"self":[{"href":"https:\/\/i9piscinas.com.br\/loja\/wp-json\/wp\/v2\/product\/13"}],"collection":[{"href":"https:\/\/i9piscinas.com.br\/loja\/wp-json\/wp\/v2\/product"}],"about":[{"href":"https:\/\/i9piscinas.com.br\/loja\/wp-json\/wp\/v2\/types\/product"}],"replies":[{"embeddable":true,"href":"https:\/\/i9piscinas.com.br\/loja\/wp-json\/wp\/v2\/comments?post=13"}],"wp:featuredmedia":[{"embeddable":true,"href":"https:\/\/i9piscinas.com.br\/loja\/wp-json\/wp\/v2\/media\/14"}],"wp:attachment":[{"href":"https:\/\/i9piscinas.com.br\/loja\/wp-json\/wp\/v2\/media?parent=13"}],"wp:term":[{"taxonomy":"product_cat","embeddable":true,"href":"https:\/\/i9piscinas.com.br\/loja\/wp-json\/wp\/v2\/product_cat?post=13"},{"taxonomy":"product_tag","embeddable":true,"href":"https:\/\/i9piscinas.com.br\/loja\/wp-json\/wp\/v2\/product_tag?post=13"}],"curies":[{"name":"wp","href":"https:\/\/api.w.org\/{rel}","templated":true}]}}